e remainder when 14626 is divided by 209?
205
What is the remainder when 75 is divided by 27?
21
Calculate the remainder when 191 is divided by 35.
16
Calculate the remainder when 196 is divided by 51.
43
What is the remainder when 189 is divided by 69?
51
What is the remainder when 2366 is divided by 473?
1
Calculate the remainder when 503 is divided by 34.
27
What is the remainder when 976 is divided by 140?
136
Calculate the remainder when 202 is divided by 103.
99
Calculate the remainder when 151 is divided by 8.
7
Calculate the remainder when 1036 is divided by 20.
16
What is the remainder when 304 is divided by 7?
3
Calculate the remainder when 524 is divided by 172.
8
Calculate the remainder when 307 is divided by 8.
3
Calculate the remainder when 128 is divided by 100.
28
What is the remainder when 173 is divided by 66?
41
What is the remainder when 19636 is divided by 427?
421
What is the remainder when 656 is divided by 161?
12
What is the remainder when 1454 is divided by 8?
6
What is the remainder when 794 is divided by 87?
11
What is the remainder when 1789 is divided by 7?
4
What is the remainder when 102 is divided by 38?
26
Calculate the remainder when 291 is divided by 100.
91
What is the remainder when 47 is divided by 10?
7
Calculate the remainder when 117 is divided by 30.
27
Calculate the remainder when 4400 is divided by 1098.
8
Calculate the remainder when 107 is divided by 55.
52
What is the remainder when 357 is divided by 36?
33
Calculate the remainder when 1848 is divided by 494.
366
Calculate the remainder when 154 is divided by 16.
10
Calculate the remainder when 506 is divided by 163.
17
What is the remainder when 19597 is divided by 14?
11
What is the remainder when 725 is divided by 175?
25
What is the remainder when 62 is divided by 11?
7
Calculate the remainder when 540 is divided by 12.
0
Calculate the remainder when 512 is divided by 43.
39
Calculate the remainder when 653 is divided by 62.
33
What is the remainder when 318 is divided by 67?
50
Calculate the remainder when 254 is divided by 16.
14
What is the remainder when 329 is divided by 94?
47
What is the remainder when 1956 is divided by 98?
94
Calculate the remainder when 8269 is divided by 6.
1
Calculate the remainder when 790 is divided by 44.
42
Calculate the remainder when 372 is divided by 339.
33
Calculate the remainder when 143 is divided by 10.
3
Calculate the remainder when 6416 is divided by 18.
8
Calculate the remainder when 637 is divided by 198.
43
What is the remainder when 1173 is divided by 387?
12
What is the remainder when 27855 is divided by 16?
15
What is the remainder when 292 is divided by 160?
132
What is the remainder when 149 is divided by 16?
5
Calculate the remainder when 443 is divided by 41.
33
Calculate the remainder when 874 is divided by 25.
24
Calculate the remainder when 372 is divided by 184.
4
What is the remainder when 80 is divided by 28?
24
Calculate the remainder when 236 is divided by 44.
16
Calculate the remainder when 19722 is divided by 15.
12
Calculate the remainder when 430 is divided by 124.
58
Calculate the remainder when 2257 is divided by 113.
110
Calculate the remainder when 464 is divided by 118.
110
Calculate the remainder when 108 is divided by 32.
12
What is the remainder when 196 is divided by 20?
16
Calculate the remainder when 111 is divided by 38.
35
Calculate the remainder when 1691 is divided by 22.
19
Calculate the remainder when 941 is divided by 63.
59
Calculate the remainder when 3274 is divided by 131.
130
Calculate the remainder when 1270 is divided by 33.
16
Calculate the remainder when 9631 is divided by 56.
55
What is the remainder when 7489 is divided by 85?
9
What is the remainder when 7013 is divided by 42?
41
Calculate the remainder when 1003 is divided by 263.
214
What is the remainder when 457 is divided by 9?
7
Calculate the remainder when 403 is divided by 18.
7
Calculate the remainder when 85 is divided by 40.
5
What is the remainder when 271 is divided by 90?
1
What is the remainder when 147 is divided by 20?
7
What is the remainder when 25 is divided by 14?
11
Calculate the remainder when 166 is divided by 35.
26
Calculate the remainder when 333 is divided by 56.
53
What is the remainder when 130 is divided by 61?
8
What is the remainder when 236 is divided by 14?
12
What is the remainder when 133 is divided by 19?
0
Calculate the remainder when 133 is divided by 9.
7
Calculate the remainder when 927 is divided by 248.
183
What is the remainder when 3273 is divided by 12?
9
Calculate the remainder when 51 is divided by 49.
2
Calculate the remainder when 76 is divided by 8.
4
What is the remainder when 212 is divided by 4?
0
What is the remainder when 571 is divided by 96?
91
Calculate the remainder when 536 is divided by 265.
6
What is the remainder when 618 is divided by 77?
2
What is the remainder when 214 is divided by 49?
18
Calculate the remainder when 2641 is divided by 25.
16
Calculate the remainder when 109 is divided by 63.
46
Calculate the remainder when 426 is divided by 16.
10
What is the remainder when 290 is divided by 6?
2
Calculate the remainder when 641 is divided by 167.
140
Calculate the remainder when 1933 is divided by 129.
127
Calculate the remainder when 414 is divided by 105.
99
What is the remainder when 598 is divided by 84?
10
What is the remainder when 88 is divided by 43?
2
Calculate the remainder when 223 is divided by 106.
11
Calculate the remainder when 556 is divided by 270.
16
Calculate the remainder when 7524 is divided by 215.
214
What is the remainder when 53 is divided by 9?
8
What is the remainder when 195 is divided by 65?
0
What is the remainder when 242 is divided by 140?
102
What is the remainder when 535 is divided by 61?
47
What is the remainder when 302 is divided by 81?
59
Calculate the remainder when 1636 is divided by 24.
4
What is the remainder when 372 is divided by 183?
6
Calculate the remainder when 526 is divided by 8.
6
What is the remainder when 1045 is divided by 346?
7
What is the remainder when 134 is divided by 74?
60
What is the remainder when 757 is divided by 12?
1
What is the remainder when 6326 is divided by 226?
224
What is the remainder when 1231 is divided by 9?
7
What is the remainder when 413 is divided by 85?
73
Calculate the remainder when 702 is divided by 256.
190
What is the remainder when 1110 is divided by 231?
186
Calculate the remainder when 226 is divided by 39.
31
Calculate the remainder when 287 is divided by 72.
71
What is the remainder when 186 is divided by 32?
26
Calculate the remainder when 727 is divided by 7.
6
What is the remainder when 178 is divided by 48?
34
Calculate the remainder when 54 is divided by 22.
10
Calculate the remainder when 134 is divided by 46.
42
What is the remainder when 175 is divided by 82?
11
Calculate the remainder when 3422 is divided by 101.
89
Calculate the remainder when 995 is divided by 6.
5
What is the remainder when 81 is divided by 30?
21
Calculate the remainder when 535 is divided by 45.
40
Calculate the remainder when 7532 is divided by 11.
8
What is the remainder when 230 is divided by 96?
38
Calculate the remainder when 86 is divided by 25.
11
What is the remainder when 120 is divided by 93?
27
What is the remainder when 68 is divided by 30?
8
What is the remainder when 580 is divided by 11?
8
What is the remainder when 520 is divided by 510?
10
Calculate the remainder when 2056 is divided by 21.
19
What is the remainder when 316 is divided by 88?
52
Calculate the remainder when 225 is divided by 58.
51
What is the remainder when 2547 is divided by 36?
27
Calculate the remainder when 626 is divided by 33.
32
Calculate the remainder when 60 is divided by 23.
14
What is the remainder when 353 is divided by 67?
18
What is the remainder when 10 is divided by 3?
1
Calculate the remainder when 1705 is divided by 28.
25
What is the remainder when 718 is divided by 19?
15
What is the remainder when 809 is divided by 54?
53
What is the remainder when 1791 is divided by 94?
5
What is the remainder when 2196 is divided by 444?
420
Calculate the remainder when 186 is divided by 32.
26
What is the remainder when 190 is divided by 133?
57
Calculate the r